{"id":21,"date":"2025-09-25T09:01:35","date_gmt":"2025-09-25T09:01:35","guid":{"rendered":"https:\/\/xn--smann-gra.de\/?page_id=21"},"modified":"2025-09-25T11:47:54","modified_gmt":"2025-09-25T11:47:54","slug":"startseite","status":"publish","type":"page","link":"http:\/\/xn--smann-gra.de\/","title":{"rendered":"S\u00e4mann GET GbR"},"content":{"rendered":"\n<p><strong>Web-Visitenkarte<\/strong><\/p>\n\n\n\n<p><strong>Postanschrift<\/strong><br>Bohlenweg 8, D 30853 Langenhagen<\/p>\n\n\n\n<p><strong>Telefon<\/strong><br>+49 (0)511 7248009<\/p>\n\n\n\n<p><strong>E-Mail<\/strong><br><img loading=\"lazy\" decoding=\"async\" width=\"150\" height=\"19\" class=\"wp-image-52\" style=\"width: 150px;\" src=\"http:\/\/xn--smann-gra.de\/wp-content\/uploads\/2025\/09\/Webmail-GET-2026-klein.png\" alt=\"\" srcset=\"http:\/\/xn--smann-gra.de\/wp-content\/uploads\/2025\/09\/Webmail-GET-2026-klein.png 487w, http:\/\/xn--smann-gra.de\/wp-content\/uploads\/2025\/09\/Webmail-GET-2026-klein-300x39.png 300w\" sizes=\"auto, (max-width: 150px) 100vw, 150px\" \/><\/p>\n\n\n\n<p><strong>Internet<\/strong><br>s\u00e4mann.de<\/p>\n\n\n\n<p><strong>Arbeitsbereich<\/strong><br>Geb\u00e4ude- und Energietechnik<\/p>\n\n\n\n<p><strong>Umsatzsteuer-Identifikationsnummer<\/strong><br>DE351594824<\/p>\n\n\n\n<p><strong>Gesellschafter und Gesch\u00e4ftsf\u00fchrer<\/strong><br>Nicole S\u00e4mann, Achim S\u00e4mann, Dr. Udo S\u00e4mann<br>Alle Gesellschafter sind alleinvertretungsberechtigt.<\/p>\n\n\n\n<p class=\"has-small-font-size\"><strong>Datenschutzhinweis<\/strong><br>Diese Website enth\u00e4lt keine Protokollfunktionen und speichert keine pers\u00f6nlichen Daten.<br>Der Provider dieser Seite (1blu.de) speichert automatisch Server-Logfile-Daten (z.B. Datum, Uhrzeit, IP-Adresse, Browser-Typ, Betriebssystem, Refferer URL, Hostname etc.).<br>Ansprechpartner f\u00fcr Datenschutzfragen sind die Gesch\u00e4ftsf\u00fchrer.<\/p>\n\n\n\n<p><\/p>\n\n\n\n<p><\/p>\n","protected":false},"excerpt":{"rendered":"<p>Web-Visitenkarte PostanschriftBohlenweg 8, D 30853 Langenhagen Telefon+49 (0)511 7248009 E-Mail Internets\u00e4mann.de ArbeitsbereichGeb\u00e4ude- und Energietechnik Umsatzsteuer-IdentifikationsnummerDE351594824 Gesellschafter und Gesch\u00e4ftsf\u00fchrerNicole S\u00e4mann, Achim S\u00e4mann, Dr. Udo S\u00e4mannAlle Gesellschafter sind alleinvertretungsberechtigt. DatenschutzhinweisDiese Website enth\u00e4lt keine Protokollfunktionen und speichert keine pers\u00f6nlichen Daten.Der Provider dieser Seite (1blu.de) speichert automatisch Server-Logfile-Daten (z.B. Datum, Uhrzeit, IP-Adresse, Browser-Typ, Betriebssystem, Refferer URL, Hostname etc.).Ansprechpartner f\u00fcr &hellip; <\/p>\n<p class=\"link-more\"><a href=\"http:\/\/xn--smann-gra.de\/\" class=\"more-link\"><span class=\"screen-reader-text\">\u201eS\u00e4mann GET GbR\u201c<\/span> weiterlesen<\/a><\/p>\n","protected":false},"author":1,"featured_media":0,"parent":0,"menu_order":0,"comment_status":"closed","ping_status":"closed","template":"","meta":{"footnotes":""},"class_list":["post-21","page","type-page","status-publish","hentry"],"_links":{"self":[{"href":"http:\/\/xn--smann-gra.de\/index.php?rest_route=\/wp\/v2\/pages\/21","targetHints":{"allow":["GET"]}}],"collection":[{"href":"http:\/\/xn--smann-gra.de\/index.php?rest_route=\/wp\/v2\/pages"}],"about":[{"href":"http:\/\/xn--smann-gra.de\/index.php?rest_route=\/wp\/v2\/types\/page"}],"author":[{"embeddable":true,"href":"http:\/\/xn--smann-gra.de\/index.php?rest_route=\/wp\/v2\/users\/1"}],"replies":[{"embeddable":true,"href":"http:\/\/xn--smann-gra.de\/index.php?rest_route=%2Fwp%2Fv2%2Fcomments&post=21"}],"version-history":[{"count":7,"href":"http:\/\/xn--smann-gra.de\/index.php?rest_route=\/wp\/v2\/pages\/21\/revisions"}],"predecessor-version":[{"id":56,"href":"http:\/\/xn--smann-gra.de\/index.php?rest_route=\/wp\/v2\/pages\/21\/revisions\/56"}],"wp:attachment":[{"href":"http:\/\/xn--smann-gra.de\/index.php?rest_route=%2Fwp%2Fv2%2Fmedia&parent=21"}],"curies":[{"name":"wp","href":"https:\/\/api.w.org\/{rel}","templated":true}]}}